 be j/(-2)*(5 - 4). Calculate the highest common factor of o and 22.
2
Let v = 5 + 13. Suppose 3*r = 6, -261 - 145 = 4*b + 5*r. Let d = 110 + b. What is the greatest common factor of d and v?
6
Let v = 10 - 8. Let a(o) = -17 - 6*o**2 + o**3 + o**v + 11 + 10*o. Let n be a(6). Calculate the greatest common divisor of n and 10.
10
Let n(k) = -5*k**3 - 8*k**2 + 6*k - 3. Let s be n(-5). What is the highest common divisor of 24 and s?
8
Suppose -4*v + 6*v = 54. Suppose 13 = y - v. Let m = 48 - 32. What is the greatest common divisor of y and m?
8
Let n(p) = p**2 - 5*p - 3. Let a(r) = -r**2 + 5*r + 3. Let q(v) = -2*a(v) - 3*n(v). Let z be q(5). What is the highest common factor of z and 1?
1
Let b = 466 - 447. Calculate the highest common factor of b and 456.
19
Suppose 404*j = 405*j - 122. What is the greatest common factor of j and 1952?
122
Let h = -46 + 76. Suppose -5*f + 45 = -2*f. Let o be f - (1 - 1)/1. What is the highest common divisor of o and h?
15
Let p be (13/2)/((-4)/(-8)). Suppose 0 = 4*f - 2*k + 2, -3*f - 1 - 20 = 5*k. Let y be f - (-119 - 0/1). Calculate the greatest common factor of p and y.
13
Suppose -w = 4, 0 = -5*y + 2*w - 4*w + 712. Suppose 4*n - 45 = 27. What is the greatest common factor of n and y?
18
Suppose 0*t = 2*t - 114. Let j(g) = -g**2 + 38*g + 19. Let b be j(38). What is the greatest common divisor of b and t?
19
Let o(q) = q**3 - 6*q**2 - 5*q - 12. Let l be (-2 + 1)/(-5 + 102/21). Let z be o(l). Calculate the greatest common divisor of 3 and z.
1
Suppose p = -4*s + s + 4, 4*p = 2*s + 2. Let a(d) = 17*d - 1. Let f be a(s). Suppose 0 = 7*o - 2*o - 120. What is the highest common factor of o and f?
8
Let d(z) = 132*z + 104. Let g be d(0). Calculate the greatest common divisor of 1300 and g.
52
Let a(k) = k + 4. Suppose 15 + 15 = -3*u. Let v be a(u). Let q be 1/(v/3 + 3). What is the highest common factor of 1 and q?
1
Let k = 122 - 97. Suppose 2 + 0 = 2*a, -15 = -4*z - 3*a. Suppose -t - z*l = -k, -t + 5*t = -4*l + 68. Calculate the highest common factor of t and 91.
13
Let w be (-288)/(-10) - 6/(-5). Calculate the highest common divisor of 60 and w.
30
Let i(j) = j**2 + 5*j - 3. Suppose -4*g - 25 = 3. Let q be i(g). What is the greatest common divisor of q and 1?
1
Suppose 61*j - 55*j - 318 = 0. Suppose -5*m = 6*m - 1749. Calculate the greatest common divisor of m and j.
53
Suppose 5460 = 10*q + 20*q. Suppose 0 = -6*w + 2*w - 512. Let a = q + w. What is the highest common factor of a and 9?
9
Suppose -30*a + 2*x = -34*a + 22, -4*a + 5*x = -43. What is the greatest common divisor of 7 and a?
7
Suppose -5*h - 3*n + 1678 = 470, -4*h + n = -980. What is the greatest common factor of h and 61?
61
Let v = 39 + -42. Let z(j) = 2*j**2 + j - 2. Let g be z(v). Let b be (1/1)/(1/39). Calculate the greatest common divisor of b and g.
13
Let u(p) be the first derivative of -p**4/4 - 4*p**3/3 - p**2/2 + 6*p - 11. Let q be u(-4). What is the greatest common factor of q and 5?
5
Suppose -2*u - 6 - 28 = -4*q, 3*q - 5*u = 22. Let f(s) = 2*s**3 + 4*s**2 - 10*s + 3. Let a be f(2). Calculate the greatest common factor of a and q.
3
Let x(b) be the second derivative of b**4/6 + b**3/2 - 2*b**2 + 2*b. Let n be x(-3). What is the greatest common divisor of 5 and n?
5
Let z = -117 + 125. Calculate the greatest common factor of z and 632.
8
Let d = 64 + -38. Calculate the greatest common divisor of d and 13.
13
Let r = -12 + 21. Suppose 5*j = 2*s - 25, -4*j + 0*j = -4*s + 20. Suppose s = c - 0*c - 45. What is the highest common divisor of c and r?
9
Let s = -1260 - -2140. Let r be (s/(-12) - -4)*3/(-2). What is the highest common divisor of 26 and r?
26
Suppose -5*o + 45 = -15. Let b(i) = -i**3 + 12*i**2 - 13*i + 6. Let y be b(9). What is the greatest common factor of o and y?
12
Let z be (-6)/11 - (-49)/((-4851)/(-83214)). What is the greatest common factor of 56 and z?
56
Suppose -q = -2*l - 6, 2*q - 5*q + 22 = -5*l. Calculate the highest common divisor of 14 and q.
14
Suppose 11*q - 5*q = 198. What is the highest common factor of q and 759?
33
Let g(w) = -3*w - 12. Let q be g(-5). Suppose -2*c + 4*k = -26, -2*c + q*k + 38 = 5*k. What is the highest common factor of c and 187?
17
Let h be 378 - (-3 - (-3)/1). Suppose -v - 57 = -h. Suppose 4*i = -z + v, z + 399 = 5*i - 0*z. Calculate the highest common factor of i and 16.
16
Let w(i) = i**2 + 6*i + 1. Let g be w(-6). Suppose g = -r + 6. Suppose 0 = -r*a + 32 + 58. What is the greatest common divisor of a and 90?
18
Let l be (6/5)/((-1)/(-10)). Suppose 3*h - l = 30. Let y be 3328/34 - (-36)/306. What is the greatest common factor of y and h?
14
Suppose 0 = 3*w + 10 - 82. What is the greatest common divisor of w and 18?
6
Let x = -1502 - -2514. What is the greatest common divisor of 88 and x?
44
Suppose 652 + 328 = 28*y. Calculate the highest common divisor of 595 and y.
35
Let m(f) = 4*f - 8. Let n be m(3). Let g(q) = 10*q - 10. Let j be g(n). What is the highest common divisor of j and 90?
30
Let d = 51 + -24. Suppose -3*w + 2 + 10 = 3*v, v = 4. Suppose w*p - 2*n = 4*p - 38, 2*p - 22 = -4*n. What is the greatest common divisor of d and p?
9
Let n = -32 - -46. Let z(m) = m**3 + 6*m**2 - 9*m + 2. Let i be z(6). Let q = -226 + i. What is the greatest common factor of q and n?
14
Suppose 101*k = 112*k - 605. What is the greatest common divisor of k and 11?
11
Let g be 3 - (1 + 3 - 0). Let r = 12 + g. Let n = 13 - r. Calculate the highest common factor of 1 and n.
1
Suppose 4*s = 11 + 45. Suppose -4*m + 5*m = 126. Calculate the highest common factor of m and s.
14
Suppose 6 = -k + 8. Let a be ((-171)/38)/(k/(-76)). Suppose -4*m = -m - a. Calculate the greatest common factor of m and 19.
19
Let p = -9 - -10. Let d be 1/((-2)/224*p). Let h = -52 - d. Calculate the greatest common factor of h and 20.
20
Suppose -p - p = -24. Suppose -162*b = -167*b + 1125. Let h = 237 - b. Calculate the highest common factor of p and h.
12
Suppose -2421 - 3582 = -9*o. What is the greatest common divisor of 29 and o?
29
Let c be -38*(-3 - 30/(-12)). Calculate the greatest common divisor of 57 and c.
19
Let a(d) = -24*d - 99. Let r(z) = -8*z - 33. Let c(l) = 3*a(l) - 8*r(l). Let h be c(-9). Calculate the highest common divisor of h and 13.
13
Suppose -362*b - 336 = -390*b. Let w(x) = 3*x - 3. Let j be w(5). Calculate the highest common factor of b and j.
12
Suppose 4*i + 21 = 1. Let t be 3/i + 534/15. What is the greatest common factor of t and 14?
7
Suppose 0 = 20*l - 24*l + 8. Suppose 0 = 5*v - l*v - 48. Let c be (-6)/27 + 2888/36. What is the highest common factor of v and c?
16
Suppose 6*w + 269 = 425. What is the greatest common factor of w and 1625?
13
Suppose -3*b = -4*u - 0*u - 93, 4*b - u = 111. Let x = 12 + b. What is the highest common factor of x and 3?
3
Let m = 805 + -801. What is the highest common factor of m and 404?
4
Let n(v) = -2*v + 6. Let g be n(-4). Let k(j) = 2*j**2 + 3 - g*j**2 - j**3 + j + 1 - 17. Let p be k(-13). What is the highest common divisor of p and 13?
13
Suppose -59*l = -79*l + 260. What is the greatest common factor of 325 and l?
13
Let y(b) = 17*b + 20. Let a be y(0). Calculate the highest common divisor of a and 16.
4
Let o(s) = 4*s**2 + 18*s + 53. Let f be o(-7). Calculate the greatest common factor of 697 and f.
41
Let l be ((-11592)/(-112))/((-1)/(-2)). What is the highest common divisor of l and 9?
9
Suppose 13*b = 6*b - 420. Let d = b + 70. What is the greatest common factor of 70 and d?
10
Let d be -2*(-4 + (-9)/(-6)) - -10. Calculate the highest common factor of d and 255.
15
Suppose 63 = 4*n - 33. Let v = 8 - 4. Let w be ((-30)/(-1))/(v/16). Calculate the highest common factor of w and n.
24
Suppose 5*x - 13 = 7, 3*o = -4*x + 91. Suppose 0 = -24*j + o*j - 100. Calculate the highest common divisor of j and 10.
10
Let q be (-3)/2*1384/(-519). Calculate the greatest common divisor of q and 212.
4
Suppose 0 = -3*k + 4 + 11. Suppose -k*d - 95 + 285 = 0. What is the highest common factor of d and 76?
38
Suppose -3*a + 5*j + 30 = 0, 4*j = 7*j + 9. Suppose 4*f = -5*s + a*f + 47, 16 = 2*s + f. What is the highest common divisor of s and 99?
9
Let s(z) = -79*z - 11. Let v be s(-5). Suppose 14*h - 22*h = -v. Calculate the greatest common divisor of h and 24.
24
Suppose 9*b = 4*y 